t is r(w)?
4
Let g(d) = -2. Let q(r) = 2*r + 2. Let c(m) = -4*g(m) - 5*q(m). Calculate c(3).
-32
Suppose -3*y + 2*m = y - 6, -3*m = -5*y + 8. Let f = y + -3. Let w(q) = -q**2 + q - 1. Let o(z) = z**3 - 2*z**2 - 3. Let r(t) = -o(t) + w(t). Determine r(f).
12
Let a(x) = 2*x**2 + 3*x - 4. Let g be a(-3). Let c be -22*(10/(-4) + 2). Let n(s) = 3*s - 6 - c*s + 4*s + s + s**2. Determine n(g).
4
Let i(h) = 2024 - 4*h + 0*h + 5*h - 1970 + 4*h. Determine i(-11).
-1
Let s(l) = 2*l**2 + 5*l + 3. Let o(n) = n**2 + 2*n + 1. Let b(y) = 5*o(y) - 2*s(y). What is b(-3)?
8
Let j(b) be the third derivative of -1/24*b**4 - 1/60*b**5 + 3/2*b**3 + 0*b + 14*b**2 + 0. Let w = 0 - 0. What is j(w)?
9
Let d(c) be the second derivative of c**6/720 - c**5/30 - c**4/6 - 2*c. Let u(z) be the third derivative of d(z). Let m be (6/8)/(1/(-8)). What is u(m)?
-10
Suppose l + 5*s - 21 = 0, 0*l = -4*l + s + 21. Let h(r) = r + 1. Let f be h(5). Let c(m) = 0*m**2 + f*m - 2 + 2 - m**2. Determine c(l).
0
Let g(c) = -c**3 + 18*c**2 + 19*c + 2. Let q(m) = -2*m**3 - 12*m**2 - m + 13. Let v be q(-6). What is g(v)?
2
Suppose w - 15 = -14. Let f(c) = -9*c**3 + 2*c**2 - 2*c + 1. Determine f(w).
-8
Suppose 9*w = 4*w + 155. Let x(p) = 0 + w*p**2 + 7 - 30*p**2. What is x(0)?
7
Let l be (-4)/(-6)*(-31 - -40). Suppose -y + 20 = y. Let b be 3/(l/y) - 1. Let a(t) = t - 6. Give a(b).
-2
Let j(x) = -x**2 + 4*x + 3. Let c be 1*-5 + 3*(-77)/(-21). What is j(c)?
-9
Let v(g) = 7*g**2 - 3*g - 2. Let z(b) = b + 40. Let h be z(-41). Give v(h).
8
Suppose 7*k = 2 + 54. Let y(l) = l**3 - 7*l**2 - 8*l - 6. What is y(k)?
-6
Let q(s) = -s**3 - 3*s**2 + s - 1. Let i(d) = 3*d**3 + 5*d**2 - d + 2. Let n(t) = -2*i(t) - 5*q(t). Give n(5).
-14
Suppose -35 + 41 = 2*m. Let y(p) = 18*p**3 - 1 - 23*p**3 + 3 - m. What is y(-1)?
4
Let f(s) = s**2 + 2*s + 4. Let h(v) be the second derivative of v**3/6 - 2*v. Let i(o) = f(o) + 4*h(o). Suppose 3*m + 33*m + 108 = 0. What is i(m)?
-5
Suppose 4 = k - 1. Suppose 5*i - k = 5. Suppose -i = 4*n - 22. Let d(s) = -s**3 + 4*s**2 + 3*s + 4. Calculate d(n).
-6
Let r(b) = b + 7. Let q = -610 + 607. Calculate r(q).
4
Suppose 2*y + 12*o - 4 = 16*o, -4*y - 5 = 5*o. Let l(q) = q**3 + q**2 + 4*q - 8. Calculate l(y).
-8
Let t(p) be the second derivative of -p**5/20 - p**4/24 + 43*p**3/6 + 33*p. Let f(x) be the second derivative of t(x). Calculate f(-3).
17
Let x be (5/(-300))/((-11)/33). Let k(l) be the second derivative of 0 + 1/3*l**3 - 1/2*l**2 + x*l**5 - 9*l - 1/12*l**4. What is k(1)?
1
Let i(k) = -59*k + k**2 - 2*k**2 + 112*k - 59*k + 16. Give i(-8).
0
Suppose -3*o + 19 = 4*c, -3*c + c = -8. Let k(u) = 12*u**2 - 5*u - 4. Let g(t) = -11*t**2 + 6*t + 5. Let w(j) = -4*g(j) - 5*k(j). Determine w(o).
-15
Let l = 19 - 15. Let k = -15 - -15. Let f = k + l. Let o(z) = -3*z + 3. Give o(f).
-9
Let p = -11 + 8. Let v = p - 0. Let j(b) be the first derivative of -b**4/4 - b**3 - 3*b + 391. Calculate j(v).
-3
Let r(g) be the first derivative of -13*g**2/2 - g + 330. What is r(1)?
-14
Let w(f) = f**2 - 3*f - 3. Let r be 1 - 2*(-1 + -1). Give w(r).
7
Let v(p) be the first derivative of p**3/3 - 11*p**2/2 + 7*p + 295. Give v(6).
-23
Suppose i = 4 - 9. Let j(u) = -3*u - 6. Let a(w) = 3*w + 5. Let s(p) = i*j(p) - 6*a(p). Calculate s(1).
-3
Let d be (-30)/(-8)*(-2 - 40/(-12)). Let g be (8/(-12))/((-4)/30). Suppose 2*m - g = 3*m - 5*a, a - d = m. Let p(r) = -r**2 - 3*r + 7. Give p(m).
-3
Let t be (-10)/(-40) - (-6)/8. Let k be -16*(t - 36/16). Suppose k = 4*z - 2*y, -2*z + 3*y = -0*y - 14. Let o(b) = -b**3 + 5*b**2 - b + 1. Determine o(z).
13
Let g(d) be the third derivative of -d**6/45 + d**5/120 - d**4/24 + 8*d**3/3 + d**2 + 21. Let z(y) be the first derivative of g(y). Determine z(1).
-8
Let z be (-11 - -11) + (2 - -1). Let p(x) = -x - z*x + x + 2*x + 12. Give p(8).
4
Let k be (-66)/54 - -1 - 129/27. Let q(d) = -1 + 6*d + 7 + d**2 - 1. Give q(k).
0
Let v(j) = -3 - 2 + 4 - j**2 - 2*j + 2*j**2. Let c(z) = z**2 - 2*z - 2. Let n(k) = -2*c(k) + 3*v(k). Calculate n(1).
0
Let v(p) = p**2 + 6*p - 1. Let f be v(-7). Let r(j) be the first derivative of j**2 - 8*j - 218. What is r(f)?
4
Let n be 1*3/9*3. Let m be (0/n)/(0 + -2). Let l(r) = 4*r**3 + r**3 + 2*r - 4 - 3*r**2 - 6*r**3 + m*r**3. Determine l(-4).
4
Let p = -975 - -983. Let i(z) = z**2 - 7*z - 2. Calculate i(p).
6
Suppose d + 1 = 3. Let k(h) = -h + d*h - 4 + 0. Give k(3).
-1
Let s(v) = v**2 - v - 2. Let m be s(3). Suppose 16 = -4*t + m*b, 0*b + b - 4 = 0. Let j(k) = 3*k - 6*k + 3*k - 11 - k. Give j(t).
-11
Let n(s) = -s - 2. Let o = -4 - -7. Let l be (1*(-6)/(-15))/((-19)/(-95)). Suppose u + 4*m + 2 = -2*u, l*m = o*u + 26. Calculate n(u).
4
Let p(f) be the third derivative of -5*f**4/24 + 4*f**3/3 - 23*f**2. Let m(o) = -o. Let g = -7 - -3. Let z(d) = g*m(d) + p(d). Give z(0).
8
Let y(h) be the first derivative of 3*h**2/2 - 400. Give y(-1).
-3
Let h(z) be the third derivative of z**5/30 + z**4/24 + 3*z**2. Suppose -2*y + 17 = -6*y + 3*c, 3*c - 9 = 0. What is h(y)?
6
Let m = 614 - 616. Let q(x) = -3*x**2 - 5*x - 5. Determine q(m).
-7
Let o be 160/288*3/5. Let b(a) be the third derivative of -1/120*a**6 + 0*a + 0*a**4 + 0 + 7/60*a**5 - o*a**3 + 6*a**2. What is b(7)?
-2
Suppose 11*d - 153 = -208. Let o(q) = -q**2 - 5*q - 1. What is o(d)?
-1
Let c(m) = -6*m - 1. Let l be c(-1). Let i(s) be the third derivative of -s**4/8 + 7*s**3/6 + 50*s**2 - 7. What is i(l)?
-8
Let z be -2 + -4 + -10 + 32. Let o(t) = -2*t + 35. Calculate o(z).
3
Let t(w) = -58*w. Suppose -5*j - 35*m = -38*m + 20, 5*j + m = 0. Give t(j).
58
Suppose -4*t - 16 = -4*g, -4*g = -3*t + 7 - 24. Let j(i) = 3 + 31*i**3 - 1 + 1 + 6*i**2 - 4*i - 32*i**3. What is j(g)?
8
Let l be 2/6*(-3)/1. Let q(y) = -172*y + 35 - 74 + 38 + 170*y - 23*y**2. What is q(l)?
-22
Let b(a) = -7*a + 71. Let z be b(10). Let y be -14*((-18)/14 + z). Let t(g) = g + 1. Let o(m) = -2*m - 2. Let w(h) = -o(h) - 3*t(h). Determine w(y).
-5
Let l(b) = b**2 + 3. Let f = -9 - -9. Let z be l(f). Let u(s) = -s + 7*s + 1 - 2*s + 333*s**2 - 334*s**2. What is u(z)?
4
Let d be ((-2)/3)/((-7)/21). Let t(f) = -2 - f**2 + d*f - 3*f - 2 + 8*f. What is t(7)?
-4
Let b(x) = -55*x**3 - 2*x**2 - x. Suppose -1593*o + 9 = -1602*o. What is b(o)?
54
Let k(s) = 7*s**2 + 18*s - 9. Let q(r) = 8*r**2 + 20*r - 10. Let p(x) = 7*k(x) - 6*q(x). What is p(-6)?
-3
Let b = 1 + 38. Let m = b - 41. Let v(p) = -2*p - 3. What is v(m)?
1
Let c(j) = -45*j**2 + 2*j + 11. Let w(o) = 23*o**2 - o - 6. Let h(v) = 6*c(v) + 11*w(v). What is h(-1)?
-18
Let d(f) = -3*f - 2*f + 3 + 8*f - 4*f + 1. What is d(5)?
-1
Let t(j) = j + 12 - 2*j - 2*j**2 - 13. Let z = -40 + 43. Give t(z).
-22
Let z(c) = -c**2 - c + 5. Let d(f) = 11*f - 92. Let h be d(8). Determine z(h).
-7
Let u(y) = y**3 + 3*y**2 - 2*y. Let c(r) = 2*r**2 - 12*r - 12. Let l be c(7). Suppose l*g + 4 = w, 2*g + 0 = 3*w + 4. Calculate u(g).
-8
Let l(o) = -o**2 + 2. Let a(c) = c**2 + c - 3. Let k(r) = 4*a(r) + 5*l(r). Give k(2).
2
Suppose 3*k + 4 = 2*s, -2*k - 5*s + 14 = -15. Let p(o) = -6 - o + 5 + o**k + 2 - 2*o**2. Determine p(-3).
-5
Let o(s) = 7*s**2 - 1. Let n be o(-1). Let a(b) be the first derivative of -b**3/6 - b - 23. Let y(r) be the first derivative of a(r). Give y(n).
-6
Let d(t) be the first derivative of t**4/4 - t**3/3 + 2*t**2 - 3*t - 38. Give d(2).
9
Let s(l) = -21*l + 1. Let n be s(-1). Let u = -18 + n. Let f(x) = u - 2 + x + 0. Give f(5).
7
Let v(s) = -s**2 + 4*s - 3. Let m be (1*(-1)/2)/((-3)/18). Determine v(m).
0
Let p(y) be the second derivative of y**4/12 - y**3/6 - 7*y**2/2 + 6*y + 5. Give p(0).
-7
Let n(s) = s**3 - 4*s**2 - 6*s + 1. Let m(z) = 1. Let y(d) = -5*d**2 + 2*d + 3. Let r(c) = m(c) - y(c). Let a be r(-1). Give n(a).
-4
Let j(g) be the second derivative of -g**3/6 + g**2/2 + 8*g. Let x(c) = -c**3 - 12*c**2 + 11*c - 23. Let o be x(-13). Give j(o).
-2
Let y(d) be the second derivative of 19*d**3/6 + 11*d**2/2 + 4*d. Let s(a) = -9*a - 5. Suppose 0*w - 20 = -4*w. Let u(f) = w*s(f) + 2*y(f). Calculate u(-2).
11
Let l(u) be the second derivative of -2*u**3/3 - 2*u**2 + 2*u + 9. Give l(-6).
20
Let o(t) = t - 4. Suppose 0 = 2*x + 8 + 36. Let n = -25 - x. Calculate o(n).
-7
Suppose 0 = -3*w + 5*w - 42. Let i = 11 - w. Let y = 7 + i. Let l(z) = z**3 + 5*z**2 + 5*z + 4. Give l(y).
7
Let t be 1/1*4*1. 